2
Calculate the highest common divisor of 12587232 and 392.
56
Calculate the greatest common factor of 88053231 and 3948.
987
Calculate the highest common factor of 35591161 and 38.
19
What is the greatest common divisor of 6030262 and 179804?
1138
Calculate the greatest common factor of 3905 and 5216725.
355
Calculate the highest common divisor of 11140115 and 1260.
35
What is the greatest common factor of 2615107 and 44?
11
Calculate the highest common factor of 22476 and 10272.
12
Calculate the highest common divisor of 706436 and 44.
4
Calculate the highest common factor of 21872767 and 5488.
343
What is the greatest common divisor of 1048326 and 1299?
3
Calculate the highest common divisor of 1235 and 338333.
19
Calculate the highest common divisor of 859460901 and 533.
533
What is the greatest common divisor of 25745 and 26398923?
5149
What is the highest common factor of 91740 and 158118060?
8340
Calculate the greatest common factor of 1902080 and 38560.
160
Calculate the greatest common divisor of 358735811 and 4802.
2401
What is the highest common factor of 227 and 143407477?
227
Calculate the greatest common factor of 2314476 and 70747.
269
What is the greatest common factor of 425712 and 1744008?
1176
Calculate the highest common divisor of 3285068 and 1884.
628
What is the highest common divisor of 67210 and 151138?
26
What is the highest common factor of 31443436 and 2933?
419
What is the highest common factor of 81551219 and 9657?
1073
Calculate the highest common factor of 10221453 and 13662.
2277
What is the highest common factor of 3707721 and 67257?
1431
Calculate the greatest common factor of 1005 and 60771546.
201
What is the greatest common divisor of 8 and 47758688?
8
Calculate the greatest common factor of 9703499 and 19383.
923
Calculate the greatest common factor of 2737 and 766682.
161
Calculate the highest common divisor of 4382 and 238.
14
Calculate the greatest common factor of 15879 and 928329.
237
What is the greatest common divisor of 20 and 2189380?
20
What is the greatest common factor of 5 and 4844155?
5
What is the highest common factor of 19251297 and 13?
13
Calculate the highest common divisor of 885 and 11271006.
177
What is the greatest common divisor of 165400 and 2300?
100
Calculate the highest common divisor of 52800 and 54394450.
550
What is the highest common divisor of 2159282598 and 3558?
3558
Calculate the greatest common factor of 3731192 and 426.
142
What is the greatest common factor of 37787073 and 204?
51
What is the highest common factor of 665 and 596315?
95
Calculate the greatest common divisor of 9282 and 38296104.
714
What is the highest common divisor of 3804448 and 95648?
1952
Calculate the greatest common factor of 21660 and 10284.
12
Calculate the greatest common factor of 15626 and 32734.
26
What is the highest common divisor of 184400915 and 2510?
1255
What is the highest common factor of 162864 and 6495768?
6264
What is the greatest common divisor of 3079938 and 16302?
114
Calculate the greatest common factor of 6834618 and 2772.
126
What is the highest common divisor of 168150 and 12844?
38
What is the highest common divisor of 302694 and 2289?
21
Calculate the highest common factor of 337155 and 7560.
105
Calculate the greatest common factor of 580 and 5272780.
580
What is the greatest common divisor of 162165997 and 7?
7
Calculate the greatest common divisor of 80 and 1401588.
4
Calculate the highest common factor of 18000 and 810720.
720
Calculate the greatest common divisor of 1461270 and 3015.
1005
What is the greatest common factor of 26348 and 52192?
28
What is the highest common divisor of 638736 and 3381?
21
What is the greatest common divisor of 765890 and 6061?
551
What is the greatest common divisor of 14410508 and 1421?
49
Calculate the greatest common factor of 5266 and 2435811997.
2633
Calculate the highest common divisor of 294424 and 591530.
298
What is the greatest common divisor of 7760 and 19730000?
80
What is the greatest common factor of 75201 and 296625?
21
Calculate the greatest common divisor of 6192 and 4602032.
688
What is the greatest common divisor of 1427790 and 3290?
70
Calculate the greatest common factor of 1504968 and 3563991.
2577
Calculate the greatest common divisor of 241392 and 820048.
1712
What is the highest common divisor of 65 and 2317575?
65
Calculate the highest common factor of 12 and 74167836.
12
What is the greatest common factor of 1491 and 13718607?
21
Calculate the highest common divisor of 398365070 and 3076.
1538
Calculate the greatest common divisor of 54 and 139488858.
54
What is the highest common factor of 26497033 and 1468?
367
What is the greatest common divisor of 978287817 and 39?
39
What is the greatest common factor of 25021942 and 57772?
2222
Calculate the greatest common divisor of 24880 and 30070.
10
Calculate the highest common factor of 1493132 and 10320.
172
What is the greatest common factor of 1516436 and 1334?
46
Calculate the highest common divisor of 1035927246 and 834.
834
What is the highest common factor of 31708130 and 239?
239
Calculate the greatest common divisor of 63762528 and 3072.
96
Calculate the greatest common factor of 304638887 and 161.
161
What is the greatest common factor of 29133805 and 6520?
815
What is the highest common factor of 45 and 600863415?
15
What is the highest common factor of 215043264 and 12672?
576
Calculate the greatest common divisor of 50655 and 830435.
1535
Calculate the highest common divisor of 305 and 576462200.
305
What is the greatest common divisor of 7914192 and 4752?
528
What is the greatest common divisor of 36 and 1320936?
12
Calculate the highest common divisor of 31074 and 1002.
6
Calculate the greatest common divisor of 32121362 and 988.
494
What is the highest common factor of 18167100 and 164?
164
Calculate the greatest common factor of 18288 and 2037207.
381
Calculate the highest common factor of 486 and 197994.
6
What is the greatest common factor of 47603962 and 238?
14
What is the greatest common factor of 19075 and 607600?
175
Calculate the greatest common factor of 6 and 1499489.
1
Calculate the highest common factor of 12235488 and 384.
96
Calculate the highest common divisor of 341 and 278311583.
341
Calculate the greatest common factor of 4212 and 3263.
13
Calculate the highest common divisor of 91469730 and 50.
10
Calculate the greatest common divisor of 2815894 and 1066.
2
What is the highest common factor of 30 and 2282262?
6
Calculate the greatest common factor of 1955 and 9531890.
115
What is the greatest common factor of 17860 and 52060?
380
Calculate the greatest common divisor of 174 and 31961973.
87
Calculate the greatest common divisor of 9031885 and 370.
185
Calculate the highest common factor of 7735 and 21833695.
1105
What is the highest common factor of 13152 and 117007179?
411
What is the greatest common divisor of 1083490993 and 13?
13
Calculate the highest common factor of 7944 and 64149786.
1986
What is the highest common divisor of 299655 and 1215?
45
Calculate the highest common divisor of 516 and 942388.
172
What is the highest common factor of 209 and 689084?
11
What is the greatest common divisor of 149 and 1173594179?
149
What is the highest common divisor of 878536 and 76246?
1138
Calculate the greatest common divisor of 2256 and 740248872.
1128
What is the highest common divisor of 204 and 6104082?
6
What is the greatest common factor of 946885 and 10?
5
Calculate the greatest common factor of 22352 and 278828.
44
Calculate the greatest common factor of 282255 and 27435.
465
What is the greatest common factor of 71052 and 1078386?
1146
What is the highest common factor of 562365 and 240?
15
Calculate the greatest common divisor of 44 and 13324992.
4
Calculate the greatest common divisor of 4116977 and 7429.
437
What is the greatest common factor of 7665 and 613515?
105
Calculate the greatest common factor of 68 and 80051402.
34
Calculate the highest common divisor of 331293741 and 1684.
421
What is the highest common divisor of 11596 and 13857889?
223
Calculate the greatest common divisor of 4552 and 133359944.
4552
Calculate the highest common factor of 48077112 and 336.
24
Calculate the greatest common factor of